6
In base 2, what is -111100000 + 0?
-111100000
In base 3, what is 12 - -212121?
212210
In base 6, what is 104 - 3?
101
In base 10, what is -363 + -16?
-379
In base 7, what is 3 + -12?
-6
In base 7, what is 33 + -11?
22
In base 11, what is -90 + 3?
-88
In base 5, what is -130043 + 10?
-130033
In base 2, what is 100 + 101011010?
101011110
In base 14, what is 3 + 3a?
3d
In base 15, what is 1e + a?
29
In base 12, what is 11 + 47?
58
In base 14, what is -4 - 117?
-11b
In base 11, what is 1 - -27?
28
In base 15, what is -22a6 - -3?
-22a3
In base 3, what is -22200 + -10?
-22210
In base 11, what is -29a - 5?
-2a4
In base 11, what is -28485 - -3?
-28482
In base 8, what is 5 + -67?
-62
In base 5, what is -2413 - 10?
-2423
In base 12, what is 34 + 5?
39
In base 15, what is 5515 - -5?
551a
In base 8, what is -46 - 16?
-64
In base 3, what is -2212 - 10?
-2222
In base 4, what is 213002 - 11?
212331
In base 12, what is 2 + -31?
-2b
In base 9, what is -2 + 26?
24
In base 12, what is 91 - 0?
91
In base 4, what is 112 - -10?
122
In base 12, what is 36 - -b?
45
In base 12, what is 9 - 11?
-4
In base 16, what is -30 - 0?
-30
In base 10, what is 11 - 259?
-248
In base 12, what is 16 - b?
7
In base 2, what is -10100 + 100010000?
11111100
In base 12, what is 4 + a0?
a4
In base 16, what is 2 - -4a3?
4a5
In base 13, what is 3a + -2?
38
In base 11, what is 85 - -5?
8a
In base 7, what is -5 + 1100?
1062
In base 8, what is 307 - -1?
310
In base 13, what is -6 + -49?
-52
In base 10, what is -1 + 43?
42
In base 9, what is 8 + 150?
158
In base 7, what is -23 + -2643?
-2666
In base 9, what is 2 - -26?
28
In base 4, what is 11 + -301303?
-301232
In base 9, what is 1 + -75?
-74
In base 7, what is 24 - 2?
22
In base 15, what is d98 + -1?
d97
In base 3, what is 201 - 202122?
-201221
In base 6, what is 5 - -302?
311
In base 6, what is 11 + -433?
-422
In base 14, what is -5 + 16?
11
In base 7, what is 5 + 3?
11
In base 15, what is -3 + -138?
-13b
In base 9, what is 4 - -1113?
1117
In base 3, what is -212 - -20102?
12120
In base 4, what is -123 + -1121?
-1310
In base 12, what is 2 - -44?
46
In base 9, what is -10 + -78?
-88
In base 13, what is -24c8 + 0?
-24c8
In base 9, what is 626 + -2?
624
In base 5, what is -2 - 44331?
-44333
In base 5, what is -1042 + 20?
-1022
In base 5, what is 10303 - 3?
10300
In base 7, what is -325 + -4?
-332
In base 14, what is -4 + 13?
d
In base 8, what is 43 + -40?
3
In base 11, what is 128 - 0?
128
In base 12, what is 4a6 - 6?
4a0
In base 14, what is 86 + 1b?
a3
In base 6, what is -1 + -130?
-131
In base 2, what is -101 - 1010111000001?
-1010111000110
In base 4, what is 3132321 - 2?
3132313
In base 7, what is 4 - 21?
-14
In base 6, what is 155 + -4?
151
In base 16, what is 17 - 8?
f
In base 5, what is 1 - 13040?
-13034
In base 13, what is 640 - -7?
647
In base 8, what is 2 + 244?
246
In base 7, what is -151 + -2?
-153
In base 11, what is 4 - 10a?
-106
In base 12, what is 5 - 4a?
-45
In base 6, what is -350 + -10?
-400
In base 16, what is 5f - -6c?
cb
In base 4, what is -3 - 13201?
-13210
In base 9, what is 163 + 1?
164
In base 15, what is -4 - 1a5?
-1a9
In base 12, what is 4 + 155?
159
In base 8, what is -6022 - 1?
-6023
In base 10, what is 1 + 99?
100
In base 12, what is -4 - 7?
-b
In base 2, what is 101 + -100011111?
-100011010
In base 2, what is -100 + -10111101?
-11000001
In base 3, what is 112121 + -12?
112102
In base 2, what is 1011101011 - 100?
1011100111
In base 3, what is -10000 - 11?
-10011
In base 7, what is 2 + 0?
2
In base 13, what is 10 + 11?
21
In base 4, what is -1032 + 11?
-1021
In base 12, what is -2 + -39?
-3b
In base 3, what is -1000212 + 11?
-1000201
In base 3, what is 0 - -2001?
2001
In base 12, what is 70 - -a?
7a
In base 14, what is -c + -6?
-14
In base 12, what is 25 + 4?
29
In base 12, what is -412 - 4?
-416
In base 5, what is 3332 - 11?
3321
In base 14, what is -1 - -21dc?
21db
In base 12, what is -9 - 94?
-a1
In base 8, what is 1357 + 1?
1360
In base 10, what is -27 + 14?
-13
In base 12, what is 3 - 594?
-591
In base 13, what is 12 + 0?
12
In base 2, what is 101 + -10001000?
-10000011
In base 16, what is -162 - 11?
-173
In base 12, what is 1 + -70?
-6b
In base 9, what is 1078 + -17?
1061
In base 10, what is -10 - 9?
-19
In base 12, what is -34 - -7?
-29
In base 12, what is 2 - b3?
-b1
In base 12, what is a2 + 1?
a3
In base 3, what is -2 - -1111?
1102
In base 16, what is -8 - c9?
-d1
In base 11, what is -130 + 46?
-95
In base 2, what is -1110001111 - -11?
-1110001100
In base 5, what is -3 - 14232?
-14240
In base 10, what is -6 - 4?
-10
In base 2, what is -100000 + -1010000?
-1110000
In base 5, what is -34 + 1?
-33
In base 3, what is 202 + 12?
221
In base 2, what is -10 - -100110?
100100
In base 10, what is -2 - 66?
-68
In base 8, what is 5 - 473?
-466
In base 16, what is 2e - -54?
82
In base 5, what is 200 - 230?
-30
In base 4, what is 13 + 13032?
13111
In base 5, what is -3 + 31300?
31242
In base 10, what is -64 - -5?
-59
In base 12, what is 7 - 22?
-17
In base 6, what is 43 + 23?
110
In base 16, what is -c1 - -14?
-ad
In base 8, what is -77 + -42?
-141
In base 8, what is -506 - -2?
-504
In base 6, what is 220 - -44?
304
In base 9, what is 478 - 4?
474
In base 5, what is 1 + -240?
-234
In base 8, what is -474 + 2?
-472
In base 10, what is -15 - 45?
-60
In base 14, what is -1 - -12d?
12c
In base 6, what is 2551 - -5?
3000
In base 8, what is -3 - 1173?
-1176
In base 16, what is -4c7 + -8?
-4cf
In base 14, what is -a + 9a?
90
In base 11, what is 4 + -413?
-40a
In base 3, what is 12012 + -1?
12011
In base 7, what is -3 + -26?
-32
In base 12, what is -6 - -b?
5
In base 14, what is -1 + -21c?
-21d
In base 16, what is -3 + d?
a
In base 5, what is -230 + 31?
-144
In base 15, what is 0 + -a4?
-a4
In base 15, what is 4 + -81?
-7c
In base 12, what is 962 - -4?
966
In base 2, what is 10110 - 10101?
1
In base 4, what is -1 + -323?
-330
In base 13, what is 9b1 - -10?
9c1
In base 13, what is -8 - b?
-16
In base 13, what is 4 + -ab?
-a7
In base 5, what is 44042 + 10?
44102
In base 2, what is 10010 - 11010?
-1000
In base 15, what is -be2 - 2?
-be4
In base 12, what is 15 + 645?
65a
In base 15, what is -5 - -30?
2a
In base 12, what is 0 + 14b9?
14b9
In base 9, what is 5 + -4?
1
In base 13, what is -3 + -124?
-127
In base 2, what is 100011 + -1001011?
-101000
In base 16, what is -1a + -29?
-43
In base 5, what is -4 + 3144?
3140
In base 5, what is 0 + -134?
-134
In base 14, what is -1910 - -5?
-1909
In base 9, what is 6212 + -1?
6211
In base 5, what is 340 - -20?
410
In base 15, what is 2 - -2b?
2d
In base 7, what is -4 - 2060?
-2064
In base 6, what is 34 + -3?
31
In base 10, what is 4 + 2?
6
In base 7, what is 2 - 43?
-41
In base 7, what is 13 + -44?
-31
In base 8, what is 401 + -1?
400
In base 9, what is 5 - -56?
62
In base 10, what is 0 - 675?
-675
In base 8, what is -3 + -161?
-164
In base 13, what is 1 + 7?
8
In base 3, what is 201200100 + -12?
201200011
In base 14, what is 69 + -4?
65
In base 16, what is 0 + 562?
562
In base 4, what is 2330 + 10?
3000
In base 12, what is 125 + -2?
123
In base 7, what is 1 - 6?
-5
In base 7, what is -245 + 3?
-242
In base 4, what is 111 - 2?
103
In base 10, what is -56 + -2?
-58
In base 15, what is -5 - -178?
173
In base 12, what is 3 + -629?
-626
In base 10, what is 8 + 62?
70
In base 6, what is 2412 + 30?
2442
In base 2, what is 10001 + 111101?
1001110
In base 2, what is 111 - 100011?
-11100
In base 12, what is -628 - -21?
-607
In base 11, what is 258 + 5?
262
In base 13, what is -6b - -14?
-57
In base 2, what is 111101 - -1?
111110
In base 4, what is 10 + 33211?
33221
In base 15, what is 8 - a?
-2
In base 8, what is -1 - -20?
17
In base 14, what is -2 - -d3?
d1
In base 7, what is 5 - -53?
61
In base 5, what is -411 - -3?
-403
In base 7, what is -46 - 4?
-53
In base 13, what is -12 - -6?
-9
In base 14, what is -237 + 0?
-237
In base 6, what is 14312 + -2?
14310
In base 7, what is 2 + 310?
312
In base 13, what is 47 - -5?
4c
In base 12, what is -415 + 1?
-414
In base 9, what is -370 + -5?
-375
In base 4, what is -2 - -10122?
10120
In base 2, what is 1010001011 - -110?
1010010001
In base 2, what is -100 - 100110?
-101010
In base 3, what is 0 + 210201?
210201
In base 13, what is 1b3 - 2?
1b1
In base 3